
1
What is the tens digit of 4095215?
1
What is the thousands digit of 9778374?
8
What is the tens digit of 3627885?
8
What is the thousands digit of 445566?
5
What is the hundreds digit of 353346?
3
What is the units digit of 118829?
9
What is the hundred thousands digit of 3298065?
2
What is the tens digit of 13437125?
2
What is the thousands digit of 26339023?
9
What is the hundreds digit of 320777?
7
What is the millions digit of 1572874?
1
What is the thousands digit of 33752105?
2
What is the units digit of 7242614?
4
What is the ten thousands digit of 542756?
4
What is the hundreds digit of 4935886?
8
What is the ten thousands digit of 5267065?
6
What is the units digit of 1775993?
3
What is the tens digit of 80041?
4
What is the ten millions digit of 23723343?
2
What is the thousands digit of 4138412?
8
What is the thousands digit of 68623?
8
What is the ten thousands digit of 245074?
4
What is the millions digit of 31646497?
1
What is the hundreds digit of 144523?
5
What is the units digit of 68293?
3
What is the hundred thousands digit of 377726?
3
What is the hundreds digit of 222892?
8
What is the units digit of 6946057?
7
What is the hundred thousands digit of 763460?
7
What is the tens digit of 536377?
7
What is the hundred thousands digit of 2311478?
3
What is the units digit of 327885?
5
What is the tens digit of 77472?
7
What is the tens digit of 13624064?
6
What is the units digit of 2166155?
5
What is the ten thousands digit of 10488567?
8
What is the thousands digit of 783763?
3
What is the thousands digit of 449245?
9
What is the hundreds digit of 725285?
2
What is the millions digit of 6438474?
6
What is the units digit of 3032293?
3
What is the ten thousands digit of 265199?
6
What is the thousands digit of 185149?
5
What is the hundreds digit of 158529?
5
What is the units digit of 4551415?
5
What is the thousands digit of 230502?
0
What is the tens digit of 261608?
0
What is the ten thousands digit of 437839?
3
What is the units digit of 3713242?
2
What is the units digit of 5067257?
7
What is the hundreds digit of 3103531?
5
What is the thousands digit of 86041?
6
What is the thousands digit of 266776?
6
What is the thousands digit of 4523668?
3
What is the tens digit of 18658?
5
What is the thousands digit of 404671?
4
What is the ten millions digit of 10056595?
1
What is the ten thousands digit of 405991?
0
What is the millions digit of 1013708?
1
What is the thousands digit of 9086824?
6
What is the hundred thousands digit of 2116750?
1
What is the thousands digit of 998541?
8
What is the hundreds digit of 7310985?
9
What is the units digit of 34234?
4
What is the units digit of 4289058?
8
What is the hundreds digit of 255644?
6
What is the tens digit of 17106647?
4
What is the tens digit of 217925?
2
What is the hundreds digit of 13872633?
6
What is the hundreds digit of 4699951?
9
What is the hundreds digit of 458851?
8
What is the millions digit of 3805317?
3
What is the ten thousands digit of 28578?
2
What is the ten thousands digit of 130597?
3
What is the ten thousands digit of 7575334?
7
What is the hundreds digit of 4716379?
3
What is the ten thousands digit of 134102?
3
What is the millions digit of 8367111?
8
What is the units digit of 346960?
0
What is the thousands digit of 72005?
2
What is the thousands digit of 122145?
2
What is the hundreds digit of 1555021?
0
What is the millions digit of 2697013?
2
What is the thousands digit of 397864?
7
What is the thousands digit of 6475089?
5
What is the ten millions digit of 17349138?
1
What is the hundred thousands digit of 448647?
4
What is the units digit of 1083924?
4
What is the units digit of 44772?
2
What is the ten thousands digit of 7218027?
1
What is the thousands digit of 1324140?
4
What is the ten millions digit of 23144344?
2
What is the thousands digit of 7092952?
2
What is the units digit of 1291270?
0
What is the ten thousands digit of 336374?
3
What is the ten thousands digit of 278498?
7
What is the hundred thousands digit of 6083897?
0
What is the thousands digit of 314727?
4
What is the hundreds digit of 855334?
3
What is the hundred thousands digit of 166962?
1
What is the thousands digit of 541886?
1
What is the ten millions digit of 14484290?
1
What is the units digit of 19041574?
4
What is the millions digit of 18184565?
8
What is the millions digit of 19093308?
9
What is the thousands digit of 144621?
4
What is the ten thousands digit of 19227894?
2
What is the hundreds digit of 885169?
1
What is the units digit of 1285104?
4
What is the ten thousands digit of 10719575?
1
What is the units digit of 5978048?
8
What is the hundreds digit of 3722646?
6
What is the thousands digit of 62826?
2
What is the units digit of 181605?
5
What is the ten thousands digit of 1643598?
4
What is the units digit of 1054585?
5
What is the millions digit of 3652574?
3
What is the units digit of 82359?
9
What is the thousands digit of 82592?
2
What is the hundred thousands digit of 184634?
1
What is the millions digit of 5971567?
5
What is the thousands digit of 3549555?
9
What is the thousands digit of 1449901?
9
What is the units digit of 42179?
9
What is the thousands digit of 3810305?
0
What is the tens digit of 643116?
1
What is the hundred thousands digit of 1578236?
5
What is the units digit of 21674113?
3
What is the hundred thousands digit of 7011018?
0
What is the tens digit of 13064513?
1
What is the units digit of 286791?
1
What is the tens digit of 8521384?
8
What is the ten millions digit of 13864103?
1
What is the thousands digit of 244300?
4
What is the units digit of 9353?
3
What is the units digit of 1265986?
6
What is the units digit of 30285263?
3
What is the hundred thousands digit of 521163?
5
What is the ten thousands digit of 1441552?
4
What is the tens digit of 1858533?
3
What is the thousands digit of 82490?
2
What is the hundreds digit of 513419?
4
What is the hundred thousands digit of 387806?
3
What is the tens digit of 621383?
8
What is the ten thousands digit of 385906?
8
What is the thousands digit of 610995?
0
What is the ten thousands digit of 2396312?
9
What is the tens digit of 21276723?
2
What is the thousands digit of 2972534?
2
What is the ten thousands digit of 18008976?
0
What is the tens digit of 248796?
9
What is the hundred thousands digit of 849021?
8
What is the hundred thousands digit of 5434855?
4
What is the units digit of 2954714?
4
What is the hundreds digit of 70950?
9
What is the millions digit of 1109008?
1
What is the tens digit of 199105?
0
What is the thousands digit of 5069419?
9
What is the hundred thousands digit of 11799357?
7
What is the millions digit of 5936058?
5
What is the tens digit of 2325172?
7
What is the hundred thousands digit of 7724615?
7
What is the hundreds digit of 2249051?
0
What is the ten thousands digit of 32105458?
0
What is the ten thousands digit of 581606?
8
What is the tens digit of 1463916?
1
What is the units digit of 1470155?
5
What is the hundred thousands digit of 254345?
2
What is the tens digit of 752632?
3
What is the thousands digit of 7340043?
0
What is the millions digit of 7944075?
7
What is the units digit of 1303944?
4
What is the millions digit of 5247328?
5
What is the tens digit of 213873?
7
What is the millions digit of 1011157?
1
What is the hundreds digit of 7680634?
6
What is the units digit of 80247?
7
What is the hundred thousands digit of 1581304?
5
What is the hundreds digit of 941995?
9
What is the hundred thousands digit of 153699?
1
What is the hundreds digit of 12261683?
6
What is the hundreds digit of 362759?
7
What is the thousands digit of 293914?
3
What is the millions digit of 4034431?
4
What is the thousands digit of 101558?
1
What is the tens digit of 17841934?
3
What is the millions digit of 2619309?
2
What is the tens digit of 952221?
2
What is the ten thousands digit of 7551459?
5
What is the hundreds digit of 791370?
3
What is the tens digit of 971793?
9
What is the millions digit of 12334601?
2
What is the hundred thousands digit of 918843?
9
What is the units digit of 764704?
4
What is the hundreds digit of 832828?
8
What is the hundred thousands digit of 188573?
1
What is the hundreds digit of 4731308?
3
What is the thousand